its digit of 1512241431?
1
What is the millions digit of 47714800?
7
What is the hundreds digit of 3896092100?
1
What is the tens digit of 3371751896?
9
What is the thousands digit of 448858226?
8
What is the hundred thousands digit of 19477420?
4
What is the units digit of 66412203?
3
What is the hundreds digit of 111552269?
2
What is the hundreds digit of 1444156534?
5
What is the hundred thousands digit of 1786693263?
6
What is the thousands digit of 7350675?
0
What is the units digit of 641879681?
1
What is the millions digit of 1020372554?
0
What is the hundred thousands digit of 235342805?
3
What is the hundred millions digit of 265146730?
2
What is the ten millions digit of 3364126505?
6
What is the units digit of 192858019?
9
What is the millions digit of 5506672822?
6
What is the tens digit of 3923046595?
9
What is the ten thousands digit of 24842125?
4
What is the hundreds digit of 1357157431?
4
What is the ten thousands digit of 1750007468?
0
What is the hundreds digit of 725975387?
3
What is the hundred thousands digit of 4803232279?
2
What is the thousands digit of 11191607?
1
What is the thousands digit of 6624220026?
0
What is the thousands digit of 214085666?
5
What is the hundred thousands digit of 39277182?
2
What is the tens digit of 25916130?
3
What is the hundred thousands digit of 72800345?
8
What is the ten thousands digit of 57305314?
0
What is the millions digit of 12903590?
2
What is the ten millions digit of 1787152012?
8
What is the thousands digit of 282761461?
1
What is the units digit of 1227717898?
8
What is the hundred millions digit of 1978482622?
9
What is the millions digit of 177091614?
7
What is the ten millions digit of 2516489475?
1
What is the ten thousands digit of 8215159?
1
What is the ten millions digit of 1839300438?
3
What is the ten thousands digit of 6421521?
2
What is the thousands digit of 58443872?
3
What is the tens digit of 253324210?
1
What is the units digit of 459883301?
1
What is the units digit of 2833042655?
5
What is the millions digit of 21042046?
1
What is the hundred thousands digit of 116192510?
1
What is the hundred thousands digit of 23363559?
3
What is the millions digit of 44170812?
4
What is the ten millions digit of 191634923?
9
What is the thousands digit of 130411091?
1
What is the ten millions digit of 142521439?
4
What is the tens digit of 1020539210?
1
What is the ten millions digit of 228913384?
2
What is the ten thousands digit of 9435156?
3
What is the ten millions digit of 94723281?
9
What is the thousands digit of 175184371?
4
What is the thousands digit of 1120285484?
5
What is the millions digit of 21122743?
1
What is the tens digit of 38457647?
4
What is the tens digit of 1558089755?
5
What is the hundred millions digit of 1570317791?
5
What is the units digit of 657081973?
3
What is the tens digit of 25235143?
4
What is the units digit of 157779736?
6
What is the units digit of 462330968?
8
What is the ten thousands digit of 528522992?
2
What is the hundred thousands digit of 7277061?
2
What is the thousands digit of 71383986?
3
What is the ten millions digit of 136011423?
3
What is the units digit of 29860071?
1
What is the tens digit of 92158690?
9
What is the thousands digit of 905755269?
5
What is the hundreds digit of 53559876?
8
What is the millions digit of 48139150?
8
What is the ten thousands digit of 305284308?
8
What is the hundred thousands digit of 1122090817?
0
What is the ten millions digit of 1048471581?
4
What is the hundred thousands digit of 1421286462?
2
What is the units digit of 28720093?
3
What is the ten millions digit of 845366552?
4
What is the ten thousands digit of 6951744435?
4
What is the millions digit of 325990504?
5
What is the tens digit of 387806656?
5
What is the hundred millions digit of 1015775421?
0
What is the ten thousands digit of 1316051683?
5
What is the millions digit of 259636093?
9
What is the ten thousands digit of 56002078?
0
What is the ten thousands digit of 282253278?
5
What is the ten millions digit of 452450398?
5
What is the hundred millions digit of 1930821346?
9
What is the ten thousands digit of 101629676?
2
What is the hundreds digit of 8514851920?
9
What is the hundred millions digit of 5280764078?
2
What is the hundreds digit of 78194391?
3
What is the tens digit of 172477868?
6
What is the millions digit of 465302693?
5
What is the hundreds digit of 3281886314?
3
What is the thousands digit of 726868842?
8
What is the tens digit of 2898167393?
9
What is the hundreds digit of 16748137?
1
What is the ten millions digit of 28670781?
2
What is the millions digit of 6146321383?
6
What is the ten thousands digit of 568671893?
7
What is the tens digit of 2364998840?
4
What is the hundred millions digit of 731862276?
7
What is the ten thousands digit of 52979981?
7
What is the hundred millions digit of 3876095957?
8
What is the thousands digit of 83729473?
9
What is the hundred millions digit of 131249573?
1
What is the tens digit of 45701901?
0
What is the tens digit of 516850282?
8
What is the thousands digit of 192384589?
4
What is the ten thousands digit of 349955281?
5
What is the ten millions digit of 100858572?
0
What is the hundred millions digit of 118718724?
1
What is the ten thousands digit of 6649204?
4
What is the hundred millions digit of 304933470?
3
What is the hundred thousands digit of 33135118?
1
What is the ten thousands digit of 208558210?
5
What is the hundreds digit of 318677788?
7
What is the hundreds digit of 46140146?
1
What is the millions digit of 743016880?
3
What is the millions digit of 57581395?
7
What is the hundreds digit of 211921376?
3
What is the billions digit of 1132908732?
1
What is the ten thousands digit of 663135171?
3
What is the thousands digit of 23433786?
3
What is the tens digit of 2574360874?
7
What is the thousands digit of 6865745?
5
What is the units digit of 474895804?
4
What is the millions digit of 55336172?
5
What is the hundred thousands digit of 1619164886?
1
What is the hundred thousands digit of 238911002?
9
What is the units digit of 535394334?
4
What is the thousands digit of 276396993?
6
What is the hundred thousands digit of 351937854?
9
What is the ten millions digit of 137397946?
3
What is the units digit of 394333162?
2
What is the ten thousands digit of 73363764?
6
What is the tens digit of 1198717422?
2
What is the hundred thousands digit of 116740250?
7
What is the millions digit of 4172692241?
2
What is the ten thousands digit of 43215338?
1
What is the tens digit of 151275256?
5
What is the hundreds digit of 228943228?
2
What is the thousands digit of 2392560660?
0
What is the thousands digit of 141794237?
4
What is the millions digit of 77180843?
7
What is the hundreds digit of 52476273?
2
What is the tens digit of 2469743298?
9
What is the hundred thousands digit of 1419130308?
1
What is the ten thousands digit of 55513903?
1
What is the thousands digit of 17676544?
6
What is the billions digit of 1776042968?
1
What is the hundred millions digit of 121730328?
1
What is the units digit of 209525849?
9
What is the millions digit of 2638029319?
8
What is the ten thousands digit of 8160853?
6
What is the thousands digit of 829249625?
9
What is the units digit of 141569269?
9
What is the ten thousands digit of 1767866527?
6
What is the thousands digit of 39800372?
0
What is the millions digit of 148399336?
8
What is the hundreds digit of 507463610?
6
What is the hundred thousands digit of 6000099662?
0
What is the thousands digit of 48795321?
5
What is the millions digit of 838928066?
8
What is the tens digit of 732459907?
0
What is the ten thousands digit of 783401749?
0
What is the ten thousands digit of 2628719462?
1
What is the ten thousands digit of 997578954?
7
What is the units digit of 12933431?
1
What is the thousands digit of 567188021?
8
What is the tens digit of 809638560?
6
What is the units digit of 41255283?
3
What is the thousands digit of 38809730?
9
What is the ten millions digit of 79650871?
7
What is the ten millions digit of 205164159?
0
What is the hundreds digit of 1814662580?
5
What is the hundred thousands digit of 61613243?
6
What is the millions digit of 894125929?
4
What is the tens digit of 1511954964?
6
W